the remainder when 6954 is divided by 462?
24
Calculate the remainder when 23919 is divided by 7735.
714
What is the remainder when 15937 is divided by 7947?
43
Calculate the remainder when 81090 is divided by 1025.
115
What is the remainder when 38871 is divided by 6?
3
Calculate the remainder when 72487 is divided by 125.
112
What is the remainder when 37957 is divided by 139?
10
What is the remainder when 3160 is divided by 15?
10
Calculate the remainder when 72628 is divided by 199.
192
Calculate the remainder when 1176 is divided by 1137.
39
Calculate the remainder when 2206 is divided by 1039.
128
What is the remainder when 136238 is divided by 162?
158
Calculate the remainder when 23200 is divided by 6.
4
What is the remainder when 1656 is divided by 1593?
63
Calculate the remainder when 8033 is divided by 1604.
13
What is the remainder when 116646 is divided by 52?
10
What is the remainder when 2787 is divided by 156?
135
What is the remainder when 6331 is divided by 161?
52
Calculate the remainder when 390811 is divided by 177.
172
Calculate the remainder when 39607 is divided by 466.
463
Calculate the remainder when 27393 is divided by 9066.
195
Calculate the remainder when 40043 is divided by 16.
11
Calculate the remainder when 531782 is divided by 69.
68
What is the remainder when 30721 is divided by 147?
145
Calculate the remainder when 76127 is divided by 1410.
1397
What is the remainder when 8681 is divided by 167?
164
Calculate the remainder when 4137 is divided by 581.
70
What is the remainder when 3833 is divided by 101?
96
Calculate the remainder when 68258 is divided by 452.
6
Calculate the remainder when 91590 is divided by 3519.
96
What is the remainder when 99704 is divided by 11072?
56
Calculate the remainder when 8956477 is divided by 104.
101
What is the remainder when 197888 is divided by 191?
12
Calculate the remainder when 950 is divided by 761.
189
Calculate the remainder when 34816 is divided by 3160.
56
Calculate the remainder when 6323 is divided by 85.
33
Calculate the remainder when 764072 is divided by 123.
119
What is the remainder when 24077 is divided by 24069?
8
Calculate the remainder when 7646 is divided by 1.
0
What is the remainder when 7164 is divided by 2361?
81
Calculate the remainder when 26352 is divided by 15.
12
What is the remainder when 2964 is divided by 161?
66
What is the remainder when 661 is divided by 74?
69
Calculate the remainder when 96737 is divided by 226.
9
Calculate the remainder when 21848 is divided by 7272.
32
Calculate the remainder when 302677 is divided by 140.
137
Calculate the remainder when 153880 is divided by 228.
208
What is the remainder when 313075 is divided by 129?
121
Calculate the remainder when 1106 is divided by 360.
26
Calculate the remainder when 2356 is divided by 78.
16
What is the remainder when 9961 is divided by 236?
49
What is the remainder when 56665 is divided by 8095?
0
Calculate the remainder when 10574 is divided by 60.
14
What is the remainder when 1069 is divided by 218?
197
What is the remainder when 2229 is divided by 533?
97
What is the remainder when 551 is divided by 21?
5
Calculate the remainder when 1878 is divided by 366.
48
What is the remainder when 1323 is divided by 198?
135
Calculate the remainder when 8197 is divided by 212.
141
What is the remainder when 233851 is divided by 232?
227
Calculate the remainder when 2593 is divided by 803.
184
Calculate the remainder when 25346 is divided by 26.
22
Calculate the remainder when 1417821 is divided by 48.
45
Calculate the remainder when 3936 is divided by 1964.
8
Calculate the remainder when 51950 is divided by 1181.
1167
Calculate the remainder when 2655 is divided by 134.
109
Calculate the remainder when 436 is divided by 162.
112
What is the remainder when 614 is divided by 410?
204
Calculate the remainder when 18444 is divided by 509.
120
Calculate the remainder when 463746 is divided by 1299.
3
What is the remainder when 5334 is divided by 1226?
430
Calculate the remainder when 3338 is divided by 457.
139
Calculate the remainder when 1821 is divided by 677.
467
What is the remainder when 111184 is divided by 326?
18
What is the remainder when 1219 is divided by 17?
12
What is the remainder when 2551 is divided by 1155?
241
Calculate the remainder when 2378 is divided by 376.
122
Calculate the remainder when 3424 is divided by 16.
0
What is the remainder when 585576 is divided by 95?
91
Calculate the remainder when 216730 is divided by 22.
8
Calculate the remainder when 45561 is divided by 15176.
33
What is the remainder when 9106 is divided by 4526?
54
What is the remainder when 2114 is divided by 729?
656
Calculate the remainder when 8575 is divided by 220.
215
What is the remainder when 11868 is divided by 2122?
1258
Calculate the remainder when 1098 is divided by 1011.
87
What is the remainder when 4296 is divided by 611?
19
What is the remainder when 454 is divided by 112?
6
What is the remainder when 25485 is divided by 1499?
2
What is the remainder when 819717 is divided by 1346?
3
Calculate the remainder when 20657 is divided by 135.
2
What is the remainder when 322804 is divided by 2069?
40
What is the remainder when 4801 is divided by 182?
69
Calculate the remainder when 258734 is divided by 103.
101
Calculate the remainder when 8868 is divided by 104.
28
What is the remainder when 475 is divided by 107?
47
Calculate the remainder when 5324 is divided by 1767.
23
Calculate the remainder when 8662 is divided by 394.
388
What is the remainder when 4924 is divided by 47?
36
What is the remainder when 410 is divided by 196?
18
What is the remainder when 1636 is divided by 340?
276
What is the remainder when 60343 is divided by 290?
23
Calculate the remainder when 8775 is divided by 66.
63
Calculate the remainder when 122436 is divided by 22.
6
What is the remainder when 2894 is divided by 61?
27
What is the remainder when 38617 is divided by 3218?
1
What is the remainder when 33987 is divided by 4243?
43
Calculate the remainder when 18744 is divided by 48.
24
What is the remainder when 6376 is divided by 67?
11
Calculate the remainder when 968115 is divided by 23.
22
What is the remainder when 1690 is divided by 403?
78
Calculate the remainder when 2434085 is divided by 87.
86
Calculate the remainder when 271701 is divided by 73.
68
Calculate the remainder when 3630 is divided by 2629.
1001
What is the remainder when 2076 is divided by 2038?
38
Calculate the remainder when 111429 is divided by 55687.
55
Calculate the remainder when 212870 is divided by 106430.
10
Calculate the remainder when 1492088 is divided by 134.
132
What is the remainder when 64777 is divided by 410?
407
What is the remainder when 45891 is divided by 407?
307
Calculate the remainder when 1706 is divided by 745.
216
What is the remainder when 150650 is divided by 171?
170
What is the remainder when 182062 is divided by 16?
14
What is the remainder when 1163 is divided by 203?
148
What is the remainder when 118979 is divided by 14?
7
Calculate the remainder when 37884 is divided by 18827.
230
What is the remainder when 35549 is divided by 428?
25
What is the remainder when 1787 is divided by 434?
51
Calculate the remainder when 3671 is divided by 447.
95
Calculate the remainder when 338 is divided by 313.
25
Calculate the remainder when 66908 is divided by 67.
42
Calculate the remainder when 3297262 is divided by 1882.
1880
What is the remainder when 1441 is divided by 121?
110
Calculate the remainder when 7396 is divided by 29.
1
Calculate the remainder when 19739 is divided by 24.
11
Calculate the remainder when 796 is divided by 173.
104
What is the remainder when 70129 is divided by 43?
39
What is the remainder when 92925 is divided by 192?
189
What is the remainder when 1431 is divided by 699?
33
What is the remainder when 244996 is divided by 84?
52
Calculate the remainder when 110363 is divided by 1138.
1115
Calculate the remainder when 13298 is divided by 10.
8
What is the remainder when 1855 is divided by 214?
143
What is the remainder when 55383 is divided by 55?
53
Calculate the remainder when 22537 is divided by 58.
33
What is the remainder when 2615 is divided by 38?
31
Calculate the rema